ivided by 99.
97
Calculate the remainder when 289 is divided by 75.
64
Calculate the remainder when 267 is divided by 16.
11
What is the remainder when 633 is divided by 12?
9
Calculate the remainder when 10959 is divided by 58.
55
Calculate the remainder when 164 is divided by 84.
80
Calculate the remainder when 1966 is divided by 82.
80
What is the remainder when 396 is divided by 4?
0
What is the remainder when 396 is divided by 77?
11
Calculate the remainder when 3927 is divided by 19.
13
Calculate the remainder when 2171 is divided by 115.
101
Calculate the remainder when 64 is divided by 14.
8
What is the remainder when 250 is divided by 51?
46
Calculate the remainder when 185 is divided by 49.
38
What is the remainder when 152 is divided by 144?
8
Calculate the remainder when 188 is divided by 16.
12
Calculate the remainder when 139 is divided by 47.
45
What is the remainder when 9015 is divided by 18?
15
Calculate the remainder when 1216 is divided by 80.
16
Calculate the remainder when 35 is divided by 18.
17
Calculate the remainder when 4807 is divided by 26.
23
What is the remainder when 2932 is divided by 18?
16
Calculate the remainder when 269 is divided by 18.
17
Calculate the remainder when 563 is divided by 47.
46
Calculate the remainder when 438 is divided by 184.
70
What is the remainder when 229 is divided by 219?
10
Calculate the remainder when 179 is divided by 7.
4
What is the remainder when 75 is divided by 7?
5
What is the remainder when 6109 is divided by 191?
188
What is the remainder when 935 is divided by 12?
11
Calculate the remainder when 831 is divided by 30.
21
What is the remainder when 6729 is divided by 53?
51
Calculate the remainder when 133 is divided by 25.
8
Calculate the remainder when 2088 is divided by 328.
120
What is the remainder when 2 is divided by 2?
0
What is the remainder when 1095 is divided by 130?
55
What is the remainder when 118 is divided by 6?
4
Calculate the remainder when 1558 is divided by 296.
78
Calculate the remainder when 170 is divided by 25.
20
Calculate the remainder when 48 is divided by 4.
0
What is the remainder when 802 is divided by 134?
132
Calculate the remainder when 3762 is divided by 65.
57
Calculate the remainder when 38 is divided by 38.
0
What is the remainder when 899 is divided by 82?
79
Calculate the remainder when 334 is divided by 14.
12
Calculate the remainder when 1544 is divided by 194.
186
What is the remainder when 201 is divided by 69?
63
What is the remainder when 507 is divided by 165?
12
What is the remainder when 1986 is divided by 3?
0
Calculate the remainder when 1481 is divided by 44.
29
Calculate the remainder when 97 is divided by 15.
7
What is the remainder when 603 is divided by 43?
1
What is the remainder when 99 is divided by 25?
24
What is the remainder when 101 is divided by 35?
31
Calculate the remainder when 81 is divided by 38.
5
What is the remainder when 286 is divided by 221?
65
What is the remainder when 2729 is divided by 5?
4
What is the remainder when 254 is divided by 15?
14
What is the remainder when 397 is divided by 69?
52
What is the remainder when 517 is divided by 188?
141
Calculate the remainder when 423 is divided by 406.
17
What is the remainder when 4872 is divided by 4866?
6
What is the remainder when 79 is divided by 12?
7
What is the remainder when 328 is divided by 190?
138
What is the remainder when 175 is divided by 35?
0
What is the remainder when 111 is divided by 29?
24
What is the remainder when 6429 is divided by 99?
93
What is the remainder when 663 is divided by 37?
34
What is the remainder when 376 is divided by 65?
51
What is the remainder when 111 is divided by 9?
3
What is the remainder when 744 is divided by 253?
238
Calculate the remainder when 554 is divided by 283.
271
What is the remainder when 208 is divided by 24?
16
What is the remainder when 386 is divided by 26?
22
Calculate the remainder when 1887 is divided by 45.
42
Calculate the remainder when 950 is divided by 34.
32
What is the remainder when 56 is divided by 10?
6
Calculate the remainder when 9304 is divided by 198.
196
What is the remainder when 3724 is divided by 56?
28
Calculate the remainder when 180 is divided by 54.
18
Calculate the remainder when 336 is divided by 43.
35
What is the remainder when 318 is divided by 301?
17
Calculate the remainder when 250 is divided by 96.
58
What is the remainder when 954 is divided by 826?
128
What is the remainder when 5561 is divided by 174?
167
Calculate the remainder when 174 is divided by 138.
36
What is the remainder when 189 is divided by 55?
24
Calculate the remainder when 373 is divided by 34.
33
Calculate the remainder when 785 is divided by 54.
29
What is the remainder when 1178 is divided by 508?
162
Calculate the remainder when 720 is divided by 38.
36
What is the remainder when 1004 is divided by 16?
12
What is the remainder when 218 is divided by 73?
72
Calculate the remainder when 512 is divided by 12.
8
What is the remainder when 184 is divided by 63?
58
What is the remainder when 211 is divided by 42?
1
Calculate the remainder when 167 is divided by 60.
47
What is the remainder when 5432 is divided by 19?
17
What is the remainder when 561 is divided by 55?
11
Calculate the remainder when 2638 is divided by 139.
136
What is the remainder when 100 is divided by 89?
11
Calculate the remainder when 231 is divided by 64.
39
What is the remainder when 158 is divided by 40?
38
Calculate the remainder when 178 is divided by 77.
24
Calculate the remainder when 930 is divided by 117.
111
Calculate the remainder when 130 is divided by 43.
1
What is the remainder when 101 is divided by 27?
20
What is the remainder when 1138 is divided by 20?
18
What is the remainder when 638 is divided by 6?
2
Calculate the remainder when 897 is divided by 50.
47
What is the remainder when 484 is divided by 155?
19
Calculate the remainder when 537 is divided by 49.
47
Calculate the remainder when 2621 is divided by 61.
59
Calculate the remainder when 335 is divided by 82.
7
Calculate the remainder when 634 is divided by 109.
89
What is the remainder when 553 is divided by 18?
13
What is the remainder when 127 is divided by 110?
17
What is the remainder when 40 is divided by 8?
0
What is the remainder when 442 is divided by 5?
2
What is the remainder when 2848 is divided by 38?
36
What is the remainder when 370 is divided by 42?
34
Calculate the remainder when 105 is divided by 22.
17
What is the remainder when 568 is divided by 72?
64
What is the remainder when 40 is divided by 15?
10
What is the remainder when 2578 is divided by 19?
13
Calculate the remainder when 12103 is divided by 45.
43
What is the remainder when 124 is divided by 25?
24
What is the remainder when 722 is divided by 22?
18
Calculate the remainder when 631 is divided by 4.
3
Calculate the remainder when 5642 is divided by 68.
66
What is the remainder when 183 is divided by 38?
31
Calculate the remainder when 3777 is divided by 37.
3
Calculate the remainder when 753 is divided by 58.
57
Calculate the remainder when 14357 is divided by 36.
29
What is the remainder when 31 is divided by 5?
1
What is the remainder when 165 is divided by 18?
3
Calculate the remainder when 1163 is divided by 22.
19
What is the remainder when 319 is divided by 16?
15
What is the remainder when 208 is divided by 53?
49
What is the remainder when 157 is divided by 136?
21
Calculate the remainder when 57 is divided by 35.
22
What is the remainder when 174 is divided by 79?
16
What is the remainder when 125 is divided by 9?
8
Calculate the remainder when 124 is divided by 19.
10
What is the remainder when 3180 is divided by 792?
12
What is the remainder when 14123 is divided by 523?
2
Calculate the remainder when 650 is divided by 320.
10
What is the remainder when 581 is divided by 130?
61
Calculate the remainder when 242 is divided by 48.
2
What is the remainder when 30 is divided by 21?
9
Calculate the remainder when 4237 is divided by 24.
13
Calculate the remainder when 166 is divided by 50.
16
Calculate the remainder when 3 is divided by 1.
0
Calculate the remainder when 2212 is divided by 434.
42
What is the remainder when 46 is divided by 24?
22
Calc